omposite?
True
Is 337155151 prime?
True
Is 17122669 a prime number?
False
Is 21268939 composite?
True
Is 32977891 a prime number?
True
Is 21349291 a composite number?
False
Is 3192487 a composite number?
False
Is 4088701 a prime number?
False
Is 8221687 prime?
False
Is 552188801 composite?
True
Is 36073981 a composite number?
False
Is 2817179 a composite number?
True
Is 6872462 composite?
True
Is 3147853 a prime number?
True
Is 10427149 prime?
True
Is 29612663 a prime number?
True
Is 3160811 a prime number?
True
Is 211672585 a composite number?
True
Is 28173871 a prime number?
False
Is 41552965 prime?
False
Is 38769161 prime?
False
Is 5154209 prime?
True
Is 5015722 a composite number?
True
Is 2277094 composite?
True
Is 165871 prime?
False
Is 8528111 a prime number?
True
Is 16751143 a prime number?
False
Is 141007511 composite?
False
Is 6512371 a composite number?
False
Is 153313 composite?
False
Is 830441 prime?
True
Is 4259597 a prime number?
True
Is 22913803 a composite number?
True
Is 10494269 a composite number?
False
Is 899273 a prime number?
True
Is 7833893 composite?
False
Is 19612363 prime?
True
Is 77769281 prime?
True
Is 1187869 a composite number?
True
Is 3814791 a prime number?
False
Is 121539503 a composite number?
False
Is 510592207 composite?
False
Is 27066817 a prime number?
True
Is 27059 a prime number?
True
Is 15449487 composite?
True
Is 8179583 prime?
False
Is 649186 prime?
False
Is 250545199 a composite number?
False
Is 7706249 a composite number?
True
Is 1514197 prime?
True
Is 1601461 composite?
True
Is 1482919 composite?
False
Is 62118491 a composite number?
True
Is 8583017 a prime number?
False
Is 1606639 a prime number?
True
Is 32655703 composite?
False
Is 44380309 a prime number?
False
Is 13939 a prime number?
False
Is 9923245 a prime number?
False
Is 1734281 a composite number?
False
Is 575893 a composite number?
False
Is 2962991 a prime number?
True
Is 79127831 a composite number?
False
Is 11979791 a composite number?
True
Is 17609773 composite?
True
Is 19337551 a composite number?
True
Is 223862881 a prime number?
False
Is 1216009 prime?
True
Is 199021 composite?
False
Is 1453189 a prime number?
False
Is 14834681 prime?
True
Is 6414403 composite?
False
Is 115966297 composite?
False
Is 183206237 a prime number?
True
Is 27100826 composite?
True
Is 335446223 composite?
True
Is 252313 a composite number?
False
Is 13046581 a prime number?
True
Is 4544431 a composite number?
False
Is 649157 a prime number?
True
Is 184949357 a composite number?
False
Is 46540847 prime?
True
Is 46762229 prime?
False
Is 33223539 a composite number?
True
Is 69459074 composite?
True
Is 2196977 a prime number?
True
Is 1543489 composite?
False
Is 1060167 a prime number?
False
Is 9014829 a composite number?
True
Is 21297602 a composite number?
True
Is 119839 composite?
False
Is 54971291 composite?
False
Is 4289471 a prime number?
True
Is 740189 prime?
True
Is 7022567 prime?
False
Is 5246863 a composite number?
True
Is 300187 a composite number?
False
Is 114551 composite?
True
Is 39470219 a prime number?
False
Is 319738 composite?
True
Is 1753867 a prime number?
True
Is 96965207 prime?
False
Is 26807057 prime?
True
Is 198207731 a prime number?
True
Is 18207269 composite?
True
Is 8092541 prime?
True
Is 90647633 composite?
True
Is 603999761 composite?
True
Is 1164461 composite?
False
Is 69441443 composite?
False
Is 1299377 a composite number?
False
Is 21310043 a composite number?
False
Is 4857361 composite?
True
Is 23886101 prime?
True
Is 63264437 a prime number?
True
Is 1165511 composite?
False
Is 3711377 composite?
False
Is 179392769 prime?
True
Is 56218847 a composite number?
True
Is 381409133 a composite number?
True
Is 207623231 a composite number?
True
Is 65121757 a prime number?
False
Is 4238231 a prime number?
True
Is 12142583 a prime number?
False
Is 5816183 a composite number?
False
Is 41512199 a prime number?
True
Is 215707573 prime?
True
Is 28715699 composite?
False
Is 17416291 prime?
True
Is 617579 composite?
False
Is 50687087 composite?
True
Is 3115757 prime?
False
Is 2428229 a prime number?
False
Is 41856081 prime?
False
Is 182563349 prime?
True
Is 83382911 composite?
False
Is 1383094059 a prime number?
False
Is 17983558 prime?
False
Is 53029181 composite?
False
Is 2103317 prime?
True
Is 60358699 a prime number?
True
Is 16670293 prime?
True
Is 531467 a composite number?
True
Is 62705953 prime?
True
Is 1737127 a prime number?
False
Is 8803547 a composite number?
False
Is 400823 prime?
True
Is 2112793 a composite number?
False
Is 2225323 prime?
True
Is 406432183 composite?
True
Is 3076973 composite?
False
Is 15307027 a composite number?
True
Is 1190374347 composite?
True
Is 1869899 a composite number?
True
Is 62222962 a composite number?
True
Is 7187251 composite?
False
Is 899023 prime?
False
Is 4367069 a prime number?
False
Is 20533343 prime?
False
Is 2000869 a composite number?
True
Is 45461239 a prime number?
True
Is 6680269 a composite number?
True
Is 182310311 a prime number?
True
Is 16930891 prime?
False
Is 2001554 a prime number?
False
Is 979873 a composite number?
False
Is 29789153 prime?
False
Is 65957 a prime number?
True
Is 410105699 composite?
False
Is 3206297 prime?
True
Is 233281 composite?
True
Is 8011147 prime?
False
Is 129241897 composite?
False
Is 1926029 prime?
False
Is 864327874 a prime number?
False
Is 478474597 composite?
False
Is 7625269 composite?
True
Is 48089501 prime?
True
Is 67387391 a prime number?
True
Is 3828727 composite?
True
Is 1833257 a prime number?
True
Is 88450517 composite?
True
Is 973851 composite?
True
Is 160068653 composite?
False
Is 36360007 prime?
True
Is 14445793 composite?
False
Is 2598653 composite?
False
Is 2481103 composite?
True
Is 15415781 composite?
False
Is 5391173 a prime number?
True
Is 746069 a prime number?
True
Is 25193369 prime?
False
Is 135197053 composite?
False
Is 100754083 composite?
True
Is 4163437 composite?
True
Is 4017773 a composite number?
False
Is 3046273 a composite number?
False
Is 163391 prime?
False
Is 60002113 a composite number?
False
Is 137457209 a composite number?
False
Is 103471177 composite?
False
Is 2018591 a prime number?
True
Is 10007941 composite?
True
Is 5423441 a composite number?
False
Is 12418847 composite?
True
Is 8768453 prime?
True
Is 3593341 prime?
False
Is 16273643 prime?
False
Is 20362517 composite?
True
Is 39484877 a prime number?
True
Is 9822233 a composite number?
False
Is 38790107 prime?
False
Is 32092421 prime?
False
Is 19852667 prime?
True
Is 4475755 a prime number?
False
Is 7341629 composite?
False
Is 11310541 composite?
True
Is 65580263 prime?
False
Is 6816097 a prime number?
False
Is 20403091 composite?
True
Is 710590183 a composite number?
True
Is 1808663 a composite number?
True
Is 957459731 a prime number?
False
Is 4403963 a composite number?
False
Is 51978559 prime?
True
Is 84170507 a prime number?
False
Is 146652029 composite?
False
Is 89938853 composite?
True
Is 225167147 composite?
True
Is 9040387 composite?
True
Is 717121 a composite number?
True
Is 36885931 prime?
True
Is 417715487 prime?
False
Is 104869657 a composite number?
False
Is 12821843 a prime number?
True
Is 29805767 prime?
True
Is 3087971 a prime number?
True
Is 26279 prime?
False
Is 127106929 composite?
True
Is 480653807 prime?
True
Is 17220187 a prime number?
True
Is 99492611 prime?
False
Is 1242347 a composite number?
False
Is 67839 composite?
True
Is 3835831 a prime number?
True
Is 478627 a composite number?
False
Is 142591049 a composite number?
False
Is 234885487 a composite number?
True
Is 8287541 composite?
True
Is 98729 prime?
True
Is 108989339 composite?
True
Is 62191 composite?
False
Is 3676483 composite?
True
Is 1004429 prime?
True
Is 6064099 prime?
True
Is 12065167 prime?
True
Is 43217033 prime?
True
Is 3877331 a prime number?
True
Is 1787447 a prime number?
True
Is 26852954 composite?
True
Is 243915097 a prime number?
True
Is 848942 composite?
True
Is 24492179 a prime number?
True
Is 56118917 a prime number?
True
Is 2218799 composite?
True
Is 23547883 composite?
True
Is 137232157 prime?
True
Is 32046119 a prime number?
False
Is 807815 a composite number?
True
Is 144522977 a prime number?
True
Is 103846231 a composite number?
False
Is 13374817 prim